{"version":"1.0","provider_name":"Bracchi","provider_url":"https:\/\/www.bracchi.it\/de\/","title":"1928-2018: FROHES JUBIL\u00c4UM BRACCHI | Bracchi","type":"rich","width":600,"height":338,"html":"<blockquote class=\"wp-embedded-content\" data-secret=\"kAt2o5UzKx\"><a href=\"https:\/\/www.bracchi.it\/de\/1928-2018-frohes-jubilaeum-bracchi\/\">1928-2018: FROHES JUBIL\u00c4UM BRACCHI<\/a><\/blockquote><iframe sandbox=\"allow-scripts\" security=\"restricted\" src=\"https:\/\/www.bracchi.it\/de\/1928-2018-frohes-jubilaeum-bracchi\/embed\/#?secret=kAt2o5UzKx\" width=\"600\" height=\"338\" title=\"&#8222;1928-2018: FROHES JUBIL\u00c4UM BRACCHI&#8220; &#8211; Bracchi\" data-secret=\"kAt2o5UzKx\" frameborder=\"0\" marginwidth=\"0\" marginheight=\"0\" scrolling=\"no\" class=\"wp-embedded-content\"><\/iframe><script>\n\/*! This file is auto-generated *\/\n!function(d,l){\"use strict\";l.querySelector&&d.addEventListener&&\"undefined\"!=typeof URL&&(d.wp=d.wp||{},d.wp.receiveEmbedMessage||(d.wp.receiveEmbedMessage=function(e){var t=e.data;if((t||t.secret||t.message||t.value)&&!\/[^a-zA-Z0-9]\/.test(t.secret)){for(var s,r,n,a=l.querySelectorAll('iframe[data-secret=\"'+t.secret+'\"]'),o=l.querySelectorAll('blockquote[data-secret=\"'+t.secret+'\"]'),c=new RegExp(\"^https?:$\",\"i\"),i=0;i<o.length;i++)o[i].style.display=\"none\";for(i=0;i<a.length;i++)s=a[i],e.source===s.contentWindow&&(s.removeAttribute(\"style\"),\"height\"===t.message?(1e3<(r=parseInt(t.value,10))?r=1e3:~~r<200&&(r=200),s.height=r):\"link\"===t.message&&(r=new URL(s.getAttribute(\"src\")),n=new URL(t.value),c.test(n.protocol))&&n.host===r.host&&l.activeElement===s&&(d.top.location.href=t.value))}},d.addEventListener(\"message\",d.wp.receiveEmbedMessage,!1),l.addEventListener(\"DOMContentLoaded\",function(){for(var e,t,s=l.querySelectorAll(\"iframe.wp-embedded-content\"),r=0;r<s.length;r++)(t=(e=s[r]).getAttribute(\"data-secret\"))||(t=Math.random().toString(36).substring(2,12),e.src+=\"#?secret=\"+t,e.setAttribute(\"data-secret\",t)),e.contentWindow.postMessage({message:\"ready\",secret:t},\"*\")},!1)))}(window,document);\n\/\/# sourceURL=https:\/\/www.bracchi.it\/wp-includes\/js\/wp-embed.min.js\n<\/script>\n","thumbnail_url":"https:\/\/www.bracchi.it\/wp-content\/uploads\/2021\/06\/Bracchi-O0ENROSD96IuKvu-1.jpeg","thumbnail_width":800,"thumbnail_height":600,"description":"Das 2018 f\u00fcr Bracchi ist ein besonderes Jahr \u2013 entdecken Sie das diesj\u00e4hrige Doppeljubil\u00e4um! Gemeinsam erreicht dank Hartn\u00e4ckigkeit und der Organisation, die Bracchi im Bereich Logistik und Transport seit jeher kennzeichnet. Das 2018 ist ein besonderes Jahr f\u00fcr\u00a0Bracchi, weil\u00a0ein doppeltes Jubil\u00e4um gefeiert wird: 90 Jahre seit seiner Begr\u00fcndung und 50 Jahre seit seinem Erwerb durch [&hellip;]"}

1928-2018: FROHES JUBILÄUM BRACCHI | Bracchi

<blockquote class="wp-embedded-content" data-secret="kAt2o5UzKx"><a href="https://www.bracchi.it/de/1928-2018-frohes-jubilaeum-bracchi/">1928-2018: FROHES JUBILÄUM BRACCHI</a></blockquote><iframe sandbox="allow-scripts" security="restricted" src="https://www.bracchi.it/de/1928-2018-frohes-jubilaeum-bracchi/embed/#?secret=kAt2o5UzKx" width="600" height="338" title="&#8222;1928-2018: FROHES JUBILÄUM BRACCHI&#8220; &#8211; Bracchi" data-secret="kAt2o5UzKx" frameborder="0" marginwidth="0" marginheight="0" scrolling="no" class="wp-embedded-content"></iframe><script>
/*! This file is auto-generated */
!function(d,l){"use strict";l.querySelector&&d.addEventListener&&"undefined"!=typeof URL&&(d.wp=d.wp||{},d.wp.receiveEmbedMessage||(d.wp.receiveEmbedMessage=function(e){var t=e.data;if((t||t.secret||t.message||t.value)&&!/[^a-zA-Z0-9]/.test(t.secret)){for(var s,r,n,a=l.querySelectorAll('iframe[data-secret="'+t.secret+'"]'),o=l.querySelectorAll('blockquote[data-secret="'+t.secret+'"]'),c=new RegExp("^https?:$","i"),i=0;i<o.length;i++)o[i].style.display="none";for(i=0;i<a.length;i++)s=a[i],e.source===s.contentWindow&&(s.removeAttribute("style"),"height"===t.message?(1e3<(r=parseInt(t.value,10))?r=1e3:~~r<200&&(r=200),s.height=r):"link"===t.message&&(r=new URL(s.getAttribute("src")),n=new URL(t.value),c.test(n.protocol))&&n.host===r.host&&l.activeElement===s&&(d.top.location.href=t.value))}},d.addEventListener("message",d.wp.receiveEmbedMessage,!1),l.addEventListener("DOMContentLoaded",function(){for(var e,t,s=l.querySelectorAll("iframe.wp-embedded-content"),r=0;r<s.length;r++)(t=(e=s[r]).getAttribute("data-secret"))||(t=Math.random().toString(36).substring(2,12),e.src+="#?secret="+t,e.setAttribute("data-secret",t)),e.contentWindow.postMessage({message:"ready",secret:t},"*")},!1)))}(window,document);
//# sourceURL=https://www.bracchi.it/wp-includes/js/wp-embed.min.js
</script>

Das 2018 für Bracchi ist ein besonderes Jahr – entdecken Sie das diesjährige Doppeljubiläum! Gemeinsam erreicht dank Hartnäckigkeit und der Organisation, die Bracchi im Bereich Logistik und Transport seit jeher kennzeichnet. Das 2018 ist ein besonderes Jahr für Bracchi, weil ein doppeltes Jubiläum gefeiert wird: 90 Jahre seit seiner Begründung und 50 Jahre seit seinem Erwerb durch [&hellip;]
